{"id":962,"date":"2020-09-15T09:51:39","date_gmt":"2020-09-15T09:51:39","guid":{"rendered":"https:\/\/munkholmensbatklubb.se\/?page_id=962"},"modified":"2023-05-10T12:46:13","modified_gmt":"2023-05-10T12:46:13","slug":"about","status":"publish","type":"page","link":"https:\/\/munkholmensbatklubb.se\/?page_id=962","title":{"rendered":""},"content":{"rendered":"\n<div class=\"wp-block-uagb-container uagb-block-aca6ec59 alignfull uagb-is-root-container\"><div class=\"uagb-container-inner-blocks-wrap\">\n<div class=\"wp-block-uagb-advanced-heading uagb-block-2c59d83d\"><h1 class=\"uagb-heading-text\">Om klubben\u200b<\/h1><\/div>\n<\/div><\/div>\n\n\n\n<div class=\"wp-block-uagb-container uagb-block-b22e19a8 alignfull uagb-is-root-container\"><div class=\"uagb-container-inner-blocks-wrap\">\n<div class=\"wp-block-uagb-advanced-heading uagb-block-26347be6\"><h3 class=\"uagb-heading-text\">Bryggan drevs tidigare av Munkholmens V\u00e4gf\u00f6rening och d\u00e4refter Munkholmens Tomt\u00e4garf\u00f6rening men \u00f6vertogs av Munkholmens B\u00e5tklubb efter beslut (2021) i Tomt\u00e4garf\u00f6reningen.<br>Munkholmens B\u00e5tklubb, bildades den 15 november 2021 och \u00e4r en allm\u00e4nnyttig ideell f\u00f6rening med hemort p\u00e5 Munkholmen i Sigtuna.<br>Munkholmens B\u00e5tklubbs \u00e4ndam\u00e5l att tillhandah\u00e5lla b\u00e5tplats p\u00e5 Munkholmen i Sigtuna, och att tillse att b\u00e5tbryggan l\u00e5ngsiktigt kan verka p\u00e5 Munkholmen.<\/h3><\/div>\n<\/div><\/div>\n","protected":false},"excerpt":{"rendered":"","protected":false},"author":1,"featured_media":0,"parent":0,"menu_order":0,"comment_status":"closed","ping_status":"closed","template":"","meta":{"_uag_custom_page_level_css":"","site-sidebar-layout":"no-sidebar","site-content-layout":"plain-container","ast-global-header-display":"","ast-main-header-display":"","ast-hfb-above-header-display":"","ast-hfb-below-header-display":"","ast-hfb-mobile-header-display":"","site-post-title":"disabled","ast-breadcrumbs-content":"","ast-featured-img":"disabled","footer-sml-layout":"","theme-transparent-header-meta":"enabled","adv-header-id-meta":"","stick-header-meta":"","header-above-stick-meta":"","header-main-stick-meta":"","header-below-stick-meta":""},"uagb_featured_image_src":{"full":false,"thumbnail":false,"medium":false,"medium_large":false,"large":false,"1536x1536":false,"2048x2048":false},"uagb_author_info":{"display_name":"admin","author_link":"https:\/\/munkholmensbatklubb.se\/?author=1"},"uagb_comment_info":0,"uagb_excerpt":null,"_links":{"self":[{"href":"https:\/\/munkholmensbatklubb.se\/index.php?rest_route=\/wp\/v2\/pages\/962"}],"collection":[{"href":"https:\/\/munkholmensbatklubb.se\/index.php?rest_route=\/wp\/v2\/pages"}],"about":[{"href":"https:\/\/munkholmensbatklubb.se\/index.php?rest_route=\/wp\/v2\/types\/page"}],"author":[{"embeddable":true,"href":"https:\/\/munkholmensbatklubb.se\/index.php?rest_route=\/wp\/v2\/users\/1"}],"replies":[{"embeddable":true,"href":"https:\/\/munkholmensbatklubb.se\/index.php?rest_route=%2Fwp%2Fv2%2Fcomments&post=962"}],"version-history":[{"count":9,"href":"https:\/\/munkholmensbatklubb.se\/index.php?rest_route=\/wp\/v2\/pages\/962\/revisions"}],"predecessor-version":[{"id":1711,"href":"https:\/\/munkholmensbatklubb.se\/index.php?rest_route=\/wp\/v2\/pages\/962\/revisions\/1711"}],"wp:attachment":[{"href":"https:\/\/munkholmensbatklubb.se\/index.php?rest_route=%2Fwp%2Fv2%2Fmedia&parent=962"}],"curies":[{"name":"wp","href":"https:\/\/api.w.org\/{rel}","templated":true}]}}